
7
Suppose -110 = -a - b + 4*b, -a = -5*b - 120. What is the tens digit of a?
9
Let a(j) = 223*j - 52. What is the units digit of a(6)?
6
Let v = 377 + -161. Let o = -115 + v. What is the tens digit of o?
0
Let u(q) = 6493*q**2 + 42*q + 41. What is the units digit of u(-1)?
2
Suppose -24*c = 9*c - 35904. What is the hundreds digit of c?
0
Let h = 0 + 5. Suppose -m = 2*r - 4, -r + 2 = h*m - 0. Suppose r*x + 2*n = 1 + 17, 0 = -2*x + 4*n + 36. What is the tens digit of x?
1
Suppose 25*l + 5312 = 33*l. What is the units digit of l?
4
Let p(i) = i**2 + i + 4. Let o be p(3). Suppose 10*b - 8*b = o. What is the units digit of b?
8
Suppose 14*h - 4056 = 1292. What is the hundreds digit of h?
3
What is the tens digit of 5 - ((6 - (-3 + 2)) + -4154)?
5
Suppose 24 = -w + 13*w. What is the hundreds digit of ((-3)/w)/(6/(2820/(-5)))?
1
Let c = 834 - 394. What is the hundreds digit of c?
4
Let v = 4 - -1. Suppose 9*r - v*r = 12. Suppose 0*m = 2*n + r*m - 25, 0 = -5*n + 2*m + 91. What is the units digit of n?
7
Let v be 1044/(-26) + 4/26. Let a = v - -65. Let b = a + -20. What is the units digit of b?
5
Suppose -12161 = -26*t + 9055. What is the tens digit of t?
1
Suppose -2 = 2*p + s, -s + 24 = 4*p - 6*s. Suppose p = o - 8. Let r = o + -5. What is the units digit of r?
4
Suppose 3*s - 11 - 7 = 0. Let r = 21 + s. Suppose -2*g + 15 + r = 0. What is the tens digit of g?
2
Let t = 970 + 2526. What is the tens digit of t?
9
Let c(h) be the third derivative of 1/60*h**5 - 8/3*h**3 + 0 + 6*h**2 + 0*h**4 + 0*h. What is the units digit of c(-9)?
5
Let x = 9 - 6. Let t(d) = -d**3 + 2*d**2 + 3*d + 3. Let g be t(x). Suppose -70 = -2*j - g*j. What is the units digit of j?
4
Let u(q) = -q**2 - 8*q - 8. Let z be u(-7). What is the tens digit of (-132)/(-3)*(z - (-12)/4)?
8
Suppose 149*z - 150*z = -679. What is the hundreds digit of z?
6
Suppose 20*c - 20753 + 3113 = 0. What is the units digit of c?
2
Suppose 0 = 8*l - 10*l + 20. Suppose 2179 = l*i + 639. What is the hundreds digit of i?
1
Let m(w) = -w**3 + 5 - 6*w + 2 - w**3 + 4 + 11*w**2. What is the units digit of m(5)?
6
Suppose 2*y - 347 = 3*w, 3*w + 3*y + 195 = -147. Let s = w - -145. What is the units digit of s?
0
Let i(c) = 40*c**2 + 6*c + 2. Let z be i(-3). Suppose 5*q - q = z. Suppose q = 4*o - 14. What is the tens digit of o?
2
Let x be 84/18 - 4/(-3). Suppose -130 = -5*l + 4*k + 33, x = -3*k. Let w = l + -8. What is the tens digit of w?
2
What is the units digit of (-6)/(-48)*8*(1 + 4)?
5
Suppose 0 = -10*x + 5*x + 50. Suppose 3*c + 1575 = x*c. What is the hundreds digit of c?
2
Let y(k) = 2*k**2 + 8*k**3 + 12*k**3 + 0*k**2 - 10*k**3 + 4 - k. What is the units digit of y(2)?
0
Let o be 0/(1/2*-2). Suppose 0 = 3*u - o*c + 2*c - 207, u = 2*c + 61. What is the units digit of u?
7
Let r(d) = -5*d - 1. Let n be r(-1). Suppose 0*k - k + 7 = -2*x, 0 = n*k + 4*x - 4. What is the tens digit of (-4)/(k + 41/(-13))?
2
Let q(x) = 27*x**2 + 2*x + 1. Let v(r) = -r + 1. Let u be v(0). Suppose -6*m = -5*m + u. What is the units digit of q(m)?
6
Let o(k) = k**3 - 5*k**2 - k + 10. Let b be o(5). Suppose 5*t - 935 = b*d, t + d = -2*d + 195. What is the units digit of t?
9
Suppose 5*t + 45 = -5*n, -t = 3*n + 3*t + 29. Let z be 10*(-8)/10*-1. Let b = z + n. What is the units digit of b?
1
Let y(o) = -o**3 - 8*o**2 - 4*o + 3. Let l be y(-7). Let d(w) = -w + 46. What is the tens digit of d(l)?
6
Let w(x) = -48*x**3 + 4*x**2 + 3*x + 1. Let u be w(-2). Suppose -q + 6*q = u. What is the tens digit of q?
7
Let b be (23 + -23)*(-1)/(-3). Suppose -45 = -5*c + 5*l, -c - 3*l = -b*l - 17. What is the tens digit of c?
1
Suppose 28032 = -19*f + 35*f. What is the hundreds digit of f?
7
Let x = 7 - 4. Suppose -x*u + 2*i + 21 = 0, -5*i = -u + 5 + 15. Suppose 0 = -2*f - 2, 3*f - 23 + u = -g. What is the tens digit of g?
2
Let y(w) = -6 + 22 - 10 + w. Let a be y(-5). What is the units digit of (a/2)/(1/2)?
1
Suppose d = -3*i + 25, -3*d - 7 = -2*d - 5*i. Suppose u - 1 = -0*u. Let j = u + d. What is the tens digit of j?
1
Suppose 5*p - 17 = 3*r, 2 = 2*r - 0. Let c(d) = 6*d - 9. What is the tens digit of c(p)?
1
Suppose -3*t - 6 = 0, 797 = 2*s + s - 4*t. Let n = -167 + s. What is the tens digit of n?
9
Let q(b) = -b**2 + 7*b + 7. Let c be q(7). Suppose c*y - 23 = 6*y. What is the tens digit of (2 + -4)*y/(-2)?
2
Let o(t) = 4*t**2 + 23*t - 15. What is the tens digit of o(-13)?
6
Suppose 0 = 2*x + i - 4689, 9*x - 3*i = 6*x + 7011. What is the tens digit of x?
4
Let y(p) be the third derivative of -p**6/24 + p**5/60 - p**3/6 - 4*p**2. Let b be y(-2). Suppose -b = -u - 14. What is the units digit of u?
9
What is the thousands digit of ((9621/(-6))/((-1)/(-2)))/(-1)?
3
Let a be 0 + -2 + 8/2. Suppose 4*t - 210 = -a. Suppose 0*k = k - t. What is the tens digit of k?
5
Suppose -2*w + 5*a + 5 = 0, 5*w + 3*a + 2 = a. Suppose w = 2*f - 6*f. Suppose 2*l + 25 - 59 = f. What is the units digit of l?
7
Suppose -1012 = -15*o + 5678. What is the units digit of o?
6
Suppose 0 = -3*q - q - 12. What is the tens digit of (-3)/((-3)/46) + q?
4
Let i(t) be the first derivative of 22*t**3/3 + t**2/2 + 2*t + 18. What is the hundreds digit of i(-3)?
1
Suppose -2*o = -6*o - 20. Let p(g) = -1. Let t(l) = l. Let y(z) = -5*p(z) - t(z). What is the tens digit of y(o)?
1
Let c(n) be the first derivative of n**4 + n**3/3 - n**2/2 + 3*n - 7. What is the units digit of c(2)?
7
Let n(y) = y + 13. Suppose 0 = 2*r + 1 + 5. Let k be (-4 - r)/((-3)/30). What is the units digit of n(k)?
3
Let w(n) = -n. Let d(l) = -3*l**2 - 15*l + 12. Let v(f) = d(f) - 2*w(f). What is the units digit of v(-5)?
2
Let i(s) = s**3 + 5*s**2 - s - 5. Let t be i(-5). Suppose -2*z + t = -6. Suppose z*x = 7*x - 80. What is the tens digit of x?
2
What is the tens digit of (-3)/2*(-28 + -306)?
0
Let h = -20 + 22. Suppose 0 = h*l + 2*l - 48. What is the units digit of 4/(16/l) + 0?
3
Suppose 5*c = -3*t + 5 - 1, 0 = -5*t + 2*c + 48. Let o be 30/4 + 4/t. Let w = 28 - o. What is the tens digit of w?
2
Let v be 9*27/2*8/12. Let j = v + -18. What is the tens digit of j?
6
Let p be -2 + 3*5*1/3. Suppose p*y = 4*y - 138. What is the hundreds digit of y?
1
Let n(w) = 43*w**2 - 21*w - 79. What is the hundreds digit of n(-4)?
6
Suppose -4*u + p = -9*u + 1123, 4*u + 4*p - 892 = 0. What is the hundreds digit of u?
2
Suppose 5*q - 1079 = -6*d + 2*d, 3*q = 4*d - 1055. What is the units digit of d?
6
Let i be 99/51*2 - (-4)/34. Suppose -10*w + 1442 = i*w. What is the units digit of w?
3
Let p(u) = 66 - 137 + 49*u + 72. What is the tens digit of p(3)?
4
Let t(l) = 3*l**2 + l - 2. Let k be t(1). Suppose -k*m - 21 = -209. What is the units digit of m?
4
Let n be (-4)/18 - 16224/(-108). Suppose -7*u = -305 - n. What is the units digit of u?
5
Suppose 0 = h - 4712 + 1346. What is the units digit of h?
6
Let r be (-2 - -2)*12/24. Suppose 4*m = p + 5, 0 = -3*p + m - r*m + 7. Suppose -2*n = -d, -n = -p*d + 4 + 1. What is the units digit of d?
2
Suppose 14 = 4*b + 3*b. Suppose 42 = h - 4*o, 112 = 7*h - 3*h - b*o. What is the units digit of h?
6
Suppose t = 3*t - 4. Suppose -14*d = -t*d - 1320. What is the units digit of d?
0
Let j = 69 + 49. What is the units digit of j?
8
Let c(o) = o**3 - 3*o**2 + 4*o - 5. Suppose -6*l = -8*l + 8. What is the units digit of c(l)?
7
Let b = -2 - -1. Let l = 5 - b. What is the units digit of l?
6
Let c be (3/1 - 2)*0. Let z(d) = 2*d**2 - 2*d + 2 + 2*d - d + 2*d**3 + c*d. What is the tens digit of z(2)?
2
Let j(o) = 7*o + 31. Let f(x) = -x**2 - 14*x + 23. Let d be f(-16). Let u be j(d). What is the tens digit of 8/u - (-306)/8?
3
Suppose 0 = 2*o + 98*u - 96*u - 3186, 4*u = 4*o - 6356. What is the units digit of o?
1
Let r(h) = 495*h - 572. What is the units digit of r(6)?
8
Suppose 0 = -5*w + 5*q - 5, -4*q - 30 = 3*w - 13. What is the units digit of w*5/1*-3?
5
Let p be (740/(-30))/((-4)/6). Let m = p + 114. What is the tens digit of m?
5
Let j(d) be the second derivative of d**3 - 12*d**2 + 7*d. What is the tens digit of j(19)?
9
Suppose -8 = 3*a - 0*u + u, 5*a + 5*u + 20 = 0. What is the tens digit of (0 - (3 - (a - -3)))*-13?
2
Suppose -896 = -4*v - 5*t, 3*v + 0*t = -t + 683. Let f = v + -116. What is the tens digit of f?
1
Let o(t) = t**3 + 8*t**2 - 12*t + 13. Suppose -3*u - 19 = 4*b, -2*b + 28 = -4*u